en v(9) is divided by z.
37
Let g(r) = -r**2 - r. Let z(t) = 5*t**2 + t - 1. Let l(a) = -2*g(a) + z(a). What is the remainder when 48 is divided by l(-2)?
6
Let j(p) be the first derivative of -2*p**3/3 - 12*p**2 - 10*p + 10. Suppose -6*v + 2*v + 276 = 0. Calculate the remainder when v is divided by j(-11).
9
Let u(f) = -f**2 + 4*f + 73. Let d be u(11). Suppose 6*b - b - 115 = 0. What is the remainder when 7/((-42)/d)*132 is divided by b?
19
Suppose -5*i - 35*j + 690 = -40*j, i = 4*j + 147. Let a = 51 + i. Calculate the remainder when a is divided by 17.
16
Let z(l) = 32 + 186*l - 38 + 16 - 29*l. Calculate the remainder when z(1) is divided by 57.
53
Suppose 0 = 241*o - 12413 - 15289 + 5771. What is the remainder when 3364 is divided by o?
88
Suppose 2*p + 5*p = 0. What is the remainder when (42 + 0 - p) + -2 is divided by 23?
17
Suppose -3*s + 15 = 2*j, -s + 2*j - 6 = -j. Suppose a = -s*h + 16, -a + 6*h - 3*h = -22. Calculate the remainder when 18*(-4 + (5 - -1)) is divided by a.
17
Let t = 5237 - 4695. Calculate the remainder when t is divided by 61.
54
Suppose 15*q = 3*z + 12*q - 330, 4*z = q + 437. Calculate the remainder when z is divided by 49.
11
Suppose -18 = 495*f - 501*f. Suppose -f*h - 568 = -11*h. Calculate the remainder when h is divided by 25.
21
Suppose -9141 - 373 = -210*i + 5186. What is the remainder when i is divided by 62?
8
Suppose 2*u + 103 = 3*u. Let m = u - 97. What is the remainder when m/(-27)*3*237/(-2) is divided by 16?
15
Let c(b) = 4*b**3 - 49*b**2 + 17*b + 31. Calculate the remainder when 1088 is divided by c(12).
87
Let z = 4 - -83. Suppose 14*w - 16 = 6*w. What is the remainder when z is divided by 4 - -1 - (-23 - w)?
27
Let j(f) be the first derivative of 5*f**2 + 5*f - 5. Calculate the remainder when j(20) is divided by 16.
13
Suppose -14 = -2*u + 16. Suppose u*h - 30 = 10*h. Let k(i) = i**3 - 5*i**2 - 6*i + 11. What is the remainder when k(h) is divided by 6?
5
Suppose -5*m - 2*p = -210, -4*m + 2*p + 39 + 129 = 0. What is the remainder when 1088 is divided by m?
38
Let r = 63 - 48. Let p be 138/36 + (-1)/(-6). Suppose p*l - 11 = 5. Calculate the remainder when r is divided by l.
3
Let s(t) = -2*t**2 + 13*t + 26. Let z be s(7). Suppose z*n = 16*n + 105. What is the remainder when 67 is divided by n?
32
Suppose -c = -6*c + 130. Let t = -63 + 58. Let w(s) = -2*s**3 - 6*s**2 + s + 8. What is the remainder when w(t) is divided by c?
25
Let q = -183 - -182. Suppose 3*j - 45 = 60. Calculate the remainder when (1/q - -140) + -4 is divided by j.
30
What is the remainder when (-15 - -15) + (2 - -408) is divided by 70?
60
Suppose -p = -11 + 8. Let t(n) = 0*n**3 + 1 + 5*n - 2 - n**p + 5*n**2. Calculate the remainder when t(5) is divided by 7.
3
Calculate the remainder when 1556 is divided by (-846*(-15)/(-180))/((-1)/2).
5
Let i = -179 - -198. Suppose -s - 44 = -2*s - 4*q, 4*s - 221 = -q. Calculate the remainder when s is divided by i.
18
Let t be 9/15 + 261/15 + -9. Suppose 0 = -t*m - 115 + 538. What is the remainder when 132 is divided by m?
38
Suppose -n + 3*q + 49 = -2*n, 0 = -3*q + 3. Suppose 5*p = -u + 38, u - 4*p = -34 + 108. Let s = n + u. What is the remainder when 59 is divided by s?
5
Let w be (-3 + 7)/1 - (-40)/(-5). Let q(z) = 3*z**2 + 6*z. What is the remainder when q(w) is divided by 3?
0
Let a(o) = -2*o + 28. Let s(j) = j**2 - 25*j + 58. Let w be s(23). Let c be a(w). What is the remainder when c/10*1435/(-7)*-1 is divided by 21?
19
Let c = 362 - 389. Calculate the remainder when -3*3/c*(195 - -6) is divided by 13.
2
Suppose 4*b + 2 + 10 = 0. Let m = 314 + b. Suppose 0 = -5*q + m - 56. Calculate the remainder when 100 is divided by q.
49
Suppose -4*r - 4*k - 12 = 0, 3*r + 2*k = 6*k - 9. Calculate the remainder when (-20)/(-210) + r/((-252)/1588) is divided by (-2)/(-3) - (-19)/3.
5
Suppose 65*d - 37575 = -51*d + 91*d. What is the remainder when d is divided by 35?
33
Suppose -480 = 62*h - 70*h. What is the remainder when 4432/40 + 5/25 is divided by h?
51
Let o = 6107 + -5945. Calculate the remainder when 967 is divided by o.
157
Let d(s) = 108*s + 2521. Calculate the remainder when d(-14) is divided by 142.
15
Let g be 4/10 - (1 + (-128)/5). Suppose -24*q + g = -19*q. What is the remainder when (0 - -3)*35/q is divided by 6?
3
Suppose -8*r + 7 = -17. Let k = -17 + 22. Suppose -w - 3*l + k = -108, 378 = r*w - 4*l. Calculate the remainder when w is divided by 25.
22
Let u(p) = -2*p**2 - 54*p + 60. Let m be u(-31). Let s = 244 + m. Calculate the remainder when s is divided by 13.
4
Let s = -30 + 32. Suppose -s*n + 14 = -0*n. Let o = -220 - -246. Calculate the remainder when o is divided by n.
5
Let x = 91 - 86. Suppose -x*o - 11 + 11 = 0. Suppose o*h - 162 = -2*h + 5*z, -3*h + 225 = -3*z. What is the remainder when h is divided by 37?
34
Suppose -5*s - 285*l + 290*l = -330, -l - 261 = -4*s. Calculate the remainder when s is divided by 5.
0
Let d(v) = -2*v**3 - 13*v**2 - 20*v - 1. Let h be d(-4). Calculate the remainder when 144/48 + (53 - h) is divided by 16.
9
Let c(t) = 3*t - 4. Suppose -4*v - 16 = 0, 2*y + 2*v - 56 = 66. What is the remainder when 39/y*1605/9 is divided by c(5)?
8
Let u = -178 + 201. Suppose 2*j = 4*z - 22, -2*z + 3*j + u = 2*z. Calculate the remainder when 5 is divided by z.
0
What is the remainder when 97 is divided by 9 - (892 + -7)/(-15)?
29
Suppose -r - 3*t + 168 = 0, 3*t = 5*r - 7*r + 351. What is the remainder when r is divided by 49?
36
Suppose -3*l + 685 = -4*h, -1131 = -5*l + 76*h - 80*h. What is the remainder when 10213 is divided by l?
225
Let g = -248 + 246. Let w(l) = -14*l**3 - 2*l**2 - 4*l - 2. Calculate the remainder when w(g) is divided by 57.
53
Let x = 27697 - 25806. What is the remainder when x is divided by 31?
0
Suppose -19*h = -225 - 136. Suppose -10*c + 21 + h = 0. Calculate the remainder when 12 is divided by c.
0
Let z = 10 + -5. Let t = z - 3. Suppose -2*h - 4 = -5*s - 63, 0 = 2*h - t*s - 44. Calculate the remainder when 117 is divided by h.
15
Suppose -2*y - 83*s + 81*s = -118, -3*y + 172 = 2*s. What is the remainder when 351 is divided by y?
27
Suppose -11*w + 6*w = -n + 45, 12*w - 45 = -n. Calculate the remainder when 2154 is divided by n.
39
Let j(d) = -2*d**3 - 10*d**2 - 19*d - 78. Calculate the remainder when j(-7) is divided by 130.
121
Let f(v) = -22*v + 226. Suppose 0 = 5*r - 0*r - 15. Suppose -5*t = -3*h - 3*t + 45, -39 = -r*h + 4*t. What is the remainder when h is divided by f(10)?
5
Suppose 0 = -5*w - 82 - 348. Let g = w - -103. Suppose c - h = -c + g, -3*c = -3*h - 27. What is the remainder when 29 is divided by c?
5
Suppose -86*u + 5*f + 4017 = -82*u, 2*u - 2004 = 2*f. Calculate the remainder when u is divided by 265.
198
Suppose 48*d = 22*d + 182. Calculate the remainder when (-364)/(-16) - 2/(-8) is divided by d.
2
Let g(w) = 2*w**3 - 12*w**2 + 5*w - 6. Calculate the remainder when 749 is divided by g(6).
5
What is the remainder when 141 is divided by ((-834)/(-18))/(-7*11/(-231))?
2
Let p(w) = 78*w - 80. Let d be 6*4/(-36)*-3. What is the remainder when p(d) is divided by 45?
31
Let j(q) = 24*q - 192. Let s be j(8). Let t be (0 - 0)/(1 + 1). Suppose -7*g + t*g + 189 = s. Calculate the remainder when 53 is divided by g.
26
Let j = -162 - -1045. Suppose -j = -3*a + d, -a + 0*d + 293 = -d. What is the remainder when a is divided by 75?
70
Suppose 4*w - 36 = 6*l - 8*l, 4*l - 2*w = 162. What is the remainder when 14395 is divided by l?
31
Let c = -1112 + 1185. Calculate the remainder when 1094 is divided by c.
72
Let a = -3 + 11. Calculate the remainder when 57 is divided by 7 + a/(-4) - -24.
28
Suppose 4*f - 40 - 64 = 0. Let k = 133 + -115. What is the remainder when f is divided by k?
8
Suppose 402*d - 359*d - 2150 = 0. What is the remainder when d is divided by 16?
2
Suppose 93 = g - 5*r, 0 = g - 3*r - 41 - 50. Let q = g + -61. Suppose 132 = 5*m - 338. Calculate the remainder when m is divided by q.
13
Let s(a) be the third derivative of 4/3*a**3 + 0*a + 1/24*a**4 + 3*a**2 + 0. What is the remainder when 22 is divided by s(4)?
10
Suppose 11*j - 5*j = 10110. Suppose -2*d - 2*u + 674 = -6*u, 5*d - u - j = 0. Calculate the remainder when d is divided by 43.
36
Suppose 5*i + 5*n + 10 = 0, -2*i + 0 = -4*n - 26. Suppose 4*b - 1 = -13. What is th